or of 685400?
True
Is 166 a factor of 160688?
True
Is 16 a factor of 3560841?
False
Is 10 a factor of 63980?
True
Does 320 divide 254034?
False
Is 38 a factor of 960450?
True
Is 172302 a multiple of 84?
False
Does 268 divide 200400?
False
Does 108 divide 95320?
False
Is 7604640 a multiple of 32?
True
Is 376 a factor of 6198736?
True
Is 15 a factor of 109875?
True
Is 864738 a multiple of 62?
False
Is 17 a factor of 598689?
True
Is 581514 a multiple of 114?
True
Is 17 a factor of 359734?
False
Is 1081640 a multiple of 35?
True
Is 2098835 a multiple of 6?
False
Is 18 a factor of 65403?
False
Is 847065 a multiple of 71?
False
Is 110 a factor of 384833?
False
Does 226 divide 7063301?
False
Does 13 divide 2147365?
False
Is 5331282 a multiple of 448?
False
Is 198 a factor of 30154?
False
Is 23 a factor of 67168?
False
Is 47804 a multiple of 148?
True
Is 132 a factor of 282376?
False
Is 1964145 a multiple of 15?
True
Does 51 divide 213741?
True
Does 176 divide 1845781?
False
Is 19 a factor of 217499?
False
Is 112 a factor of 38528?
True
Does 9 divide 11285087?
False
Is 49 a factor of 342559?
True
Is 526930 a multiple of 10?
True
Is 4519208 a multiple of 13?
False
Is 1490 a multiple of 248?
False
Is 24 a factor of 963984?
True
Is 91 a factor of 885894?
False
Is 118352 a multiple of 4?
True
Does 11 divide 257124?
False
Does 254 divide 39082?
False
Does 55 divide 8595664?
False
Is 120232 a multiple of 14?
True
Does 11 divide 2793483?
True
Does 4 divide 243304?
True
Does 9 divide 958509?
True
Does 43 divide 1668632?
False
Is 80 a factor of 390560?
True
Does 714 divide 9448362?
True
Is 107 a factor of 554902?
True
Is 19 a factor of 1071407?
False
Does 10 divide 11232109?
False
Does 14 divide 443342?
False
Does 8 divide 628086?
False
Does 40 divide 6600?
True
Does 5 divide 20680?
True
Does 56 divide 68783?
False
Is 13 a factor of 73941?
False
Does 5 divide 221916?
False
Is 649 a factor of 26775793?
True
Is 321958 a multiple of 203?
True
Is 215902 a multiple of 10?
False
Is 210360 a multiple of 4?
True
Is 25 a factor of 41209?
False
Is 42 a factor of 257022?
False
Is 1813815 a multiple of 85?
True
Does 90 divide 116010?
True
Does 52 divide 192712?
True
Does 32 divide 99872?
True
Does 462 divide 2931852?
True
Does 10 divide 359108?
False
Does 486 divide 682356?
False
Does 24 divide 7146144?
True
Is 6 a factor of 140750?
False
Is 284 a factor of 329733?
False
Is 101 a factor of 1475711?
True
Is 13453216 a multiple of 608?
True
Does 8 divide 101432?
True
Does 31 divide 5109234?
True
Is 39 a factor of 240781?
False
Is 128 a factor of 1425152?
True
Is 64 a factor of 197312?
True
Is 15 a factor of 2108160?
True
Does 63 divide 7787311?
False
Is 23161 a multiple of 7?
False
Is 3 a factor of 5211531?
True
Is 21576 a multiple of 31?
True
Is 168 a factor of 10365768?
True
Is 333315 a multiple of 9?
True
Is 1359621 a multiple of 19?
True
Is 7 a factor of 16896?
False
Does 7 divide 587147?
False
Is 368496 a multiple of 5?
False
Is 393380 a multiple of 884?
True
Is 507 a factor of 2487342?
True
Is 7 a factor of 288349?
False
Does 544 divide 174164?
False
Is 158 a factor of 16966?
False
Does 18 divide 4822092?
True
Is 3877592 a multiple of 202?
True
Is 139057 a multiple of 18?
False
Does 7 divide 291571?
True
Does 11 divide 5001633?
False
Does 1319 divide 341621?
True
Does 40 divide 38993?
False
Does 24 divide 51888?
True
Is 16 a factor of 17643636?
False
Does 30 divide 202230?
True
Is 10593735 a multiple of 95?
True
Does 87 divide 404466?
False
Is 3273663 a multiple of 14?
False
Is 300 a factor of 3408390?
False
Does 8 divide 27723?
False
Is 7773947 a multiple of 570?
False
Is 1377636 a multiple of 666?
False
Is 20 a factor of 92240?
True
Is 500808 a multiple of 1084?
True
Is 31 a factor of 29709?
False
Is 27 a factor of 6559623?
True
Is 2405296 a multiple of 34?
True
Is 2 a factor of 2083?
False
Is 41 a factor of 1341110?
True
Is 668304 a multiple of 504?
True
Is 18 a factor of 1578583?
False
Is 99085 a multiple of 149?
True
Is 695249 a multiple of 17?
True
Is 4739430 a multiple of 12?
False
Is 59366 a multiple of 2?
True
Is 5 a factor of 110221?
False
Is 20 a factor of 5671282?
False
Is 7998567 a multiple of 41?
True
Does 113 divide 404201?
True
Does 8 divide 7311025?
False
Does 449 divide 41357?
False
Does 66 divide 1218196?
False
Is 176 a factor of 3575264?
True
Is 1488942 a multiple of 26?
True
Is 2290505 a multiple of 143?
False
Is 59162 a multiple of 25?
False
Is 14 a factor of 11444851?
False
Does 18 divide 55620?
True
Is 1496221 a multiple of 283?
True
Is 7 a factor of 2741235?
True
Is 1058217 a multiple of 176?
False
Is 1040340 a multiple of 5?
True
Is 16728 a multiple of 17?
True
Is 20 a factor of 19684?
False
Is 22419 even?
False
Is 265 a factor of 638417?
False
Does 386 divide 1017882?
True
Is 89 a factor of 70666?
True
Is 160736 a multiple of 37?
False
Does 79 divide 1417497?
True
Is 6 a factor of 2390?
False
Is 190 a factor of 25460?
True
Does 6 divide 1459263?
False
Is 49 a factor of 439481?
True
Is 76 a factor of 2729160?
True
Is 2291 a multiple of 7?
False
Does 134 divide 71426?
False
Is 260051 a multiple of 56?
False
Does 97 divide 7147542?
True
Does 33 divide 102740?
False
Does 11 divide 25704811?
True
Is 97 a factor of 5666255?
True
Is 1019495 a multiple of 6?
False
Is 1485 a multiple of 33?
True
Does 987 divide 24523377?
False
Is 12 a factor of 375120?
True
Is 49 a factor of 1839603?
False
Is 525326 a multiple of 9?
False
Does 15 divide 1232100?
True
Is 20 a factor of 1391960?
True
Is 3226923 a multiple of 488?
False
Does 6 divide 1831308?
True
Is 1376640 a multiple of 45?
True
Does 18 divide 45270?
True
Is 222 a factor of 3585744?
True
Does 16 divide 13117359?
False
Does 267 divide 2875056?
True
Is 896 a factor of 3097252?
False
Does 68 divide 285940?
True
Is 201659 a multiple of 479?
True
Is 5 a factor of 5905900?
True
Is 41892 a multiple of 9?
False
Is 32 a factor of 894909?
False
Is 5121937 a multiple of 90?
False
Is 55 a factor of 189555?
False
Is 96230 a multiple of 10?
True
Does 324 divide 13260520?
False
Is 2 a factor of 587626?
True
Is 622790 a multiple of 62?
True
Does 41 divide 135059?
False
Does 11 divide 1726?
False
Is 39 a factor of 188292?
True
Does 145 divide 245920?
True
Does 9 divide 5279517?
True
Is 234 a factor of 9660228?
False
Is 35 a factor of 196451?
False
Is 23055 a multiple of 264?
False
Does 46 divide 2264713?
False
Is 21260 even?
True
Is 33 a factor of 5099613?
False
Is 15 a factor of 134610?
True
Is 705925 a multiple of 20?
False
Does 209 divide 147554?
True
Is 67 a factor of 178519?
False
Does 1306 divide 4431258?
True
Is 31 a factor of 97914?
False
Does 457 divide 749937?
True
Is 5255 a multiple of 10?
False
Does 784 divide 1400224?
True
Is 3080 a multiple of 28?
True
Does 6 divide 890397?
False
Is 3515737 a multiple of 191?
True
Is 62188 a multiple of 28?
True
Is 14597 a multiple of 6?
False
Is 3543571 a multiple of 374?
False
Is 74 a factor of 679986?
True
Is 186 a factor of 21792504?
True
Is 160 a factor of 170560?
True
Is 55 a factor of 36410?
True
Does 722 divide 26660014?
False
Is 119 a factor of 1978494?
True
Does 1079 divide 11519609?
False
Is 2900013 a multiple of 796?
False
Is 99419 a multiple of 9?
False
Is 1124 a factor of 1052714?
False
Is 597 a factor of 268053?
True
Does 198 divide 28957500?
True
Is 272610 a multiple of 234?
True
Is 29 a factor of 456424?
False
Is 846 a factor of 7496316?
False
Does 18 divide 4520034?
True
Is 134 a factor of 291744?
False
Is 6548234 a multiple of 707?
True
Is 7 a factor of 114867?
False
Is 290951 a multiple of 5?
False
Is 18 a factor of 288054?
True
Is 242428 a multiple of 37?
False
Does 401 divide 917262?
False
Is 40686 a multiple of 6?
True
Is 9610311 a multiple of 339?
True
Does 430 divide 1616475?
False
Is 9001720 a multiple of 455?
True
Does 7 divide 17082?
False
Does 2 divide 2744663?
False
Is 4 a factor of 81721?
False
Does 31 divide 649416?
False
Does 21 divide 8452773?
True
Does 5 divide 2506180?
True
Does 297 divide 118206?
True
Does 12 divide 805272?
True
Does 12 divide 398754?
False
Is 14 a factor of 143780?
True
Is 2 a factor of 24075?
False
Is 2488745 a multiple of 12?
False
Does 251 divide 9961541?
False
Does 45 divide 308745?
True
Does 285 divide 4674